st common factor of 45 and u.
5
Suppose 0 = f - 4*f + 27. Suppose k - 2*s = 13, 3*s + 3 + f = -k. Let j = -10 + 22. What is the greatest common factor of k and j?
3
Suppose 3*b = -3*r + 246, 0*r - 398 = -5*b - r. Calculate the highest common factor of 2449 and b.
79
Let g = 1211 - 243. What is the greatest common factor of 44 and g?
44
Suppose 7420 = 4*u - 3*r, 7*r - 2*r + 9275 = 5*u. Calculate the highest common factor of u and 70.
35
Let a(v) = -v**3 - 5*v**2 + 5*v + 3. Let l be a(-6). Let x = 3221 + -3077. What is the greatest common factor of x and l?
9
Let b(v) = 2*v + 47. Let l be b(-13). Calculate the greatest common divisor of l and 420.
21
Let z(v) = -v**2 - 4 - 2 + 6*v + 4 + 5. Let d be (0 + 1)*-1 - -7. Let o be z(d). Calculate the greatest common factor of 9 and o.
3
Let g = 680 + -587. What is the greatest common divisor of 3 and g?
3
Let k = 945 + -724. What is the highest common factor of 17 and k?
17
Let d = -69 + 72. Suppose -119 = -d*g + 73. Calculate the highest common factor of 8 and g.
8
Let o(a) = -50*a - 310. Let p be o(-8). Calculate the greatest common divisor of 390 and p.
30
Suppose 0 = 4*v - 20. Suppose -2*n - 2*h + 16 + 18 = 0, v*n = 5*h + 115. Suppose 0 = 7*s - 12*s + n. What is the highest common factor of 4 and s?
4
Let i be (4 - 1)/(-3) - -67. Calculate the highest common divisor of i and 99.
33
Let v = 370 + -259. What is the greatest common divisor of v and 74?
37
Let f(y) = -3*y**2 - 3*y - 3. Let m be f(-3). Let g = -14 - m. Suppose p = -2*s - 0*p + 27, 2*s - 29 = p. What is the highest common factor of g and s?
7
Let r(l) = l**3 + 3*l**2 - 5*l + 1. Let n be r(-4). Suppose -n*f = -2*m - 32, 0 = f - 0*f + 4*m - 24. What is the highest common divisor of f and 2?
2
Let q = -64 + 63. Let y be 1*q + (-3 - 18)*-1. Calculate the greatest common factor of 50 and y.
10
Let k(b) = -1. Let h(y) = 6*y + 2. Let q(l) = -h(l) - k(l). Let o be q(-2). Suppose f + o = 36. Calculate the greatest common factor of 5 and f.
5
Suppose 4*h = -0*p + 2*p + 142, -4*p = -3*h + 104. Let m = -94 + 98. Calculate the greatest common divisor of m and h.
4
Let x be (42/15)/(7/((-1400)/(-16))). Suppose 14 = s - 0*s. Calculate the highest common factor of x and s.
7
Let x be (3/(-6) - (-84)/24) + 3. Suppose -17 = 3*j - j - 5*c, -4*j = 5*c + 79. Let s = j - -82. What is the highest common factor of s and x?
6
Let t(u) = 1 + 2*u + 27*u**2 + 25*u**2 - 3*u. Let z be t(2). Suppose -11 = -o - 3*g + 12, -115 = -5*o - 4*g. Calculate the highest common factor of o and z.
23
Suppose -8*d + 3*f = -5*d - 96, -3*d + 99 = -2*f. Calculate the highest common factor of 56 and d.
7
Suppose -329*k + 331*k = 1394. What is the highest common factor of k and 17?
17
Suppose -191*d - 5412 = -202*d. Calculate the greatest common divisor of 12 and d.
12
Let s be 74008/1056 + 1/(-12). What is the highest common divisor of 120 and s?
10
Let x = 11 - 6. Suppose 4*u = k + 11 - 1, 0 = 5*u + x*k. Calculate the highest common factor of u and 8.
2
Let t be (-608)/20 - 8/(-20). Let d be (-470)/t - (-4)/(-6). Let j be (d/(-6))/((-5)/12). Calculate the highest common factor of 6 and j.
6
Let i(k) = 6*k**2 - 277*k + 51. Let p be i(46). What is the highest common divisor of p and 5?
5
Let d = -28 + 406. Calculate the highest common factor of d and 28.
14
Let t be ((-2)/6)/(-2 + 123/63). Suppose 4*f - 526 + 218 = 0. What is the greatest common factor of f and t?
7
Suppose -4*d - 308 = -4*r, 4 = d - 0. Suppose 0*o - 45 = -5*o. What is the highest common factor of r and o?
9
Let p = -272 - -284. Calculate the highest common factor of 114 and p.
6
Let h be (-87948)/(-210) + (-4)/5. Calculate the highest common divisor of h and 44.
22
Let w(g) = 2*g**2 - 7*g - 143. Let n be w(13). What is the greatest common divisor of 13 and n?
13
Let v = -29 + 20. Let b = 24 - v. Calculate the highest common divisor of b and 3.
3
Let j = 116 - 118. Let d be -8*(j/(-16))/((-9)/1134). What is the greatest common divisor of d and 63?
63
Let r(p) = -p**3 + 8*p**2 - 4*p + 3. Let b be r(5). Let y be b + (-8)/12*-3. Suppose 0 = -0*a + a - 40. Calculate the greatest common divisor of y and a.
20
Let c(s) = 89*s**3 - 6*s + 6 + 5*s + 10*s**2 - 90*s**3. Let q be c(6). Calculate the greatest common factor of q and 16.
16
Suppose 2*y = -6, 1 = 2*p + y - 6. Let i(m) = 2*m**2 - 6*m - 2. Let f be i(p). What is the highest common factor of f and 18?
18
Let v be 14 + 2/((-8)/12). Let g(c) = 4*c - 35. Let y be g(v). What is the highest common divisor of 81 and y?
9
Let y(q) = q - 4. Let n be y(4). Let d = 6 - n. Suppose -28*a = -23*a - 15. Calculate the greatest common divisor of a and d.
3
Suppose -7*z = -152 - 58. What is the highest common factor of z and 250?
10
Let x = -60 + 116. Suppose 3*w - 2*f = -0*w + 32, 5*w - 2*f = x. Let p(i) = -72*i - 1824. Let d be p(-26). Calculate the greatest common factor of w and d.
12
Suppose -39*p - 189 + 657 = 0. Calculate the greatest common factor of 516 and p.
12
Suppose 3*h - 5*k = 97, -h - 3*k + 14 - 5 = 0. What is the greatest common divisor of h and 12?
12
Suppose 50*h - 1232 = 39*h. What is the greatest common factor of 168 and h?
56
Suppose -2*y - o - 2 = -13, -2*o + 10 = 0. Suppose 0 = v - 5*d - 49, -5*v - y*d + 219 = -2*d. What is the highest common divisor of v and 11?
11
Let j = 241 + -226. Calculate the greatest common factor of 39 and j.
3
Let k be 0 + -1 + 2/2 - -32. Calculate the highest common factor of k and 640.
32
Suppose 16 = 4*k - 32. Let u(h) = -h + 7. Let m be u(6). Let o be 28 - 2*m/(-1). Calculate the highest common divisor of k and o.
6
Let u(q) = -q**3 - 15*q**2 + 15. Let i be u(-15). What is the greatest common divisor of 45 and i?
15
Let i(x) = 2*x - 9. Let l be i(3). Let o be -2 + 14 - (l - -3). Calculate the highest common divisor of o and 8.
4
Let g = -26 + -15. Let a = -12 - g. Let u = a + 3. What is the greatest common divisor of 4 and u?
4
Let r = -357 - -531. Calculate the highest common divisor of 6 and r.
6
Let d = -29 - -25. Let m be (7/((-35)/110))/(2/d). Calculate the greatest common factor of 11 and m.
11
Let m = 12 - 1. Let w(x) = -x**3 + 10*x**2 + 12*x + 4. Let y be w(m). Suppose 0 = -3*v + y. What is the highest common divisor of 1 and v?
1
Let j(q) be the third derivative of 0*q + 1/12*q**4 + 1/3*q**3 + 1/20*q**5 + 0 - q**2. Let y be j(-4). Calculate the greatest common factor of 14 and y.
14
Suppose 0 = 5*k + b + 3*b - 58, -4*k + 3*b = -65. Let m = -1 + k. Calculate the highest common factor of 117 and m.
13
Suppose 0 = 3*v + 5*a - 94, -5*a = -9*v + 4*v + 130. Calculate the highest common divisor of 826 and v.
14
Let z = 9 + -7. Suppose -4*v + 438 = -z*v. Suppose 0*b + 3*b - v = -5*d, 4*d = 4*b + 188. What is the greatest common factor of 15 and d?
15
Let n = 11 - 6. Suppose -276 - 1029 = -n*l. Suppose -4*m + 3*m - 28 = -t, -3*t = -4*m - 83. Calculate the greatest common factor of t and l.
29
Suppose -2*v = y - 19 + 16, y = 2*v - 13. Calculate the highest common factor of 292 and v.
4
Let p(q) = -q**2 + 42*q - 105. Let y be p(39). Calculate the greatest common divisor of y and 852.
12
Let m(f) = 32*f**2 + 18*f. Let j be m(-1). What is the greatest common divisor of 1862 and j?
14
Suppose 187 = -2*p + 19*p. Calculate the greatest common factor of p and 253.
11
Let f(y) = -y**3 + 32*y**2 + 3*y - 26. Let a be f(32). Calculate the highest common factor of 595 and a.
35
Suppose -236*q - 1608 = -244*q. Calculate the greatest common divisor of 67 and q.
67
Suppose -23*c = -26*c + 129. Let s = c + -26. Suppose -3*k + 266 = 2*l + s, -4*k + 122 = l. Calculate the greatest common divisor of 18 and l.
18
Suppose 2*c + 12 = -28. Let d = 12 - c. What is the highest common factor of 32 and d?
32
Let n(i) = 3*i**2 - i - 12. Let l be n(-9). Suppose -h - l = -5*h. Calculate the greatest common divisor of h and 12.
12
Suppose -14*h - h = -2805. Calculate the highest common divisor of 272 and h.
17
Let z(g) = g - 4. Let j be z(9). Suppose -10 = 3*u + 6*y - 2*y, -j*u - 5*y - 10 = 0. Suppose -u + 4 = 2*i. What is the highest common factor of i and 4?
1
Let z be -3*(-100)/(-15)*(-40 - -12). Calculate the highest common divisor of 40 and z.
40
Suppose -17 = -s - l + 17, 0 = -2*s + 5*l + 103. Calculate the greatest common divisor of 273 and s.
39
Let w(